{"id":144,"date":"2021-01-15T20:38:11","date_gmt":"2021-01-15T19:38:11","guid":{"rendered":"https:\/\/ordinacebucovice.cz\/?page_id=144"},"modified":"2025-12-09T17:38:57","modified_gmt":"2025-12-09T16:38:57","slug":"aktualne","status":"publish","type":"page","link":"https:\/\/ordinacebucovice.cz\/index.php\/aktualne\/","title":{"rendered":"Aktu\u00e1ln\u011b"},"content":{"rendered":"\n<p>9.12.2025 o\u010dkov\u00e1n\u00ed proti ch\u0159ipce ukon\u010deno.<\/p>\n\n\n\n<hr class=\"wp-block-separator has-alpha-channel-opacity\"\/>\n\n\n\n<p>Od 2.12.2024 je ordinace p\u0159est\u011bhov\u00e1na do nov\u00fdch prostor\u016f &#8211; budova B, 1. patro, dve\u0159e \u010d. 207c<\/p>\n\n\n\n<figure class=\"wp-block-image size-large\"><img loading=\"lazy\" decoding=\"async\" width=\"1024\" height=\"336\" src=\"https:\/\/ordinacebucovice.cz\/wp-content\/uploads\/2024\/11\/Poloha-ordinace-1024x336.jpg\" alt=\"\" class=\"wp-image-1143\" srcset=\"https:\/\/ordinacebucovice.cz\/wp-content\/uploads\/2024\/11\/Poloha-ordinace-1024x336.jpg 1024w, https:\/\/ordinacebucovice.cz\/wp-content\/uploads\/2024\/11\/Poloha-ordinace-300x99.jpg 300w, https:\/\/ordinacebucovice.cz\/wp-content\/uploads\/2024\/11\/Poloha-ordinace-768x252.jpg 768w, https:\/\/ordinacebucovice.cz\/wp-content\/uploads\/2024\/11\/Poloha-ordinace.jpg 1535w\" sizes=\"auto, (max-width: 1024px) 100vw, 1024px\" \/><\/figure>\n\n\n\n<hr class=\"wp-block-separator has-alpha-channel-opacity\"\/>\n\n\n\n<p>Od 16.5.2023 &#8211; <strong>m\u00e1me nov\u00e9 telefonn\u00ed \u010d\u00edslo 515 537 527<\/strong> . P\u016fvodn\u00ed telefonn\u00ed \u010d\u00edslo bylo zru\u0161eno.<\/p>\n\n\n\n<hr class=\"wp-block-separator has-alpha-channel-opacity\"\/>\n\n\n\n<p>Od 27.3.2023 <strong>&#8211; prov\u00e1d\u00edme vy\u0161et\u0159en\u00ed na p\u0159\u00edstroj\u00edch<\/strong>:<\/p>\n\n\n\n<ul class=\"wp-block-list\">\n<li><strong>TK holter<\/strong> &#8211; 24 hodinov\u00e9 m\u011b\u0159en\u00ed krevn\u00edho tlaku<\/li>\n<\/ul>\n\n\n\n<ul class=\"wp-block-list\">\n<li><strong>COBAS<\/strong> &#8211; k vylou\u010den\u00ed akutn\u00ed tromb\u00f3zy, akutn\u00edho infarktu myokardu a ischemick\u00e9 choroby srde\u010dn\u00ed<\/li>\n<\/ul>\n\n\n\n<hr class=\"wp-block-separator has-alpha-channel-opacity\"\/>\n\n\n\n<p>Od 15.4.2022 je zm\u011bna n\u00e1zvu ulice na DVORSK\u00c1<\/p>\n\n\n\n<hr class=\"wp-block-separator has-css-opacity\"\/>\n\n\n\n<p><\/p>\n","protected":false},"excerpt":{"rendered":"<p>9.12.2025 o\u010dkov\u00e1n\u00ed proti ch\u0159ipce ukon\u010deno. Od 2.12.2024 je ordinace p\u0159est\u011bhov\u00e1na do nov\u00fdch prostor\u016f &#8211; budova B, 1. patro, dve\u0159e \u010d. &hellip; <\/p>\n","protected":false},"author":1,"featured_media":0,"parent":0,"menu_order":0,"comment_status":"closed","ping_status":"closed","template":"","meta":{"footnotes":""},"class_list":["post-144","page","type-page","status-publish","hentry"],"_links":{"self":[{"href":"https:\/\/ordinacebucovice.cz\/index.php\/wp-json\/wp\/v2\/pages\/144","targetHints":{"allow":["GET"]}}],"collection":[{"href":"https:\/\/ordinacebucovice.cz\/index.php\/wp-json\/wp\/v2\/pages"}],"about":[{"href":"https:\/\/ordinacebucovice.cz\/index.php\/wp-json\/wp\/v2\/types\/page"}],"author":[{"embeddable":true,"href":"https:\/\/ordinacebucovice.cz\/index.php\/wp-json\/wp\/v2\/users\/1"}],"replies":[{"embeddable":true,"href":"https:\/\/ordinacebucovice.cz\/index.php\/wp-json\/wp\/v2\/comments?post=144"}],"version-history":[{"count":92,"href":"https:\/\/ordinacebucovice.cz\/index.php\/wp-json\/wp\/v2\/pages\/144\/revisions"}],"predecessor-version":[{"id":1311,"href":"https:\/\/ordinacebucovice.cz\/index.php\/wp-json\/wp\/v2\/pages\/144\/revisions\/1311"}],"wp:attachment":[{"href":"https:\/\/ordinacebucovice.cz\/index.php\/wp-json\/wp\/v2\/media?parent=144"}],"curies":[{"name":"wp","href":"https:\/\/api.w.org\/{rel}","templated":true}]}}

Aktuálně

<p>9.12.2025 očkování proti chřipce ukončeno.</p>



<hr class="wp-block-separator has-alpha-channel-opacity"/>



<p>Od 2.12.2024 je ordinace přestěhována do nových prostorů &#8211; budova B, 1. patro, dveře č. 207c</p>



<figure class="wp-block-image size-large"><img loading="lazy" decoding="async" width="1024" height="336" src="https://ordinacebucovice.cz/wp-content/uploads/2024/11/Poloha-ordinace-1024x336.jpg" alt="" class="wp-image-1143" srcset="https://ordinacebucovice.cz/wp-content/uploads/2024/11/Poloha-ordinace-1024x336.jpg 1024w, https://ordinacebucovice.cz/wp-content/uploads/2024/11/Poloha-ordinace-300x99.jpg 300w, https://ordinacebucovice.cz/wp-content/uploads/2024/11/Poloha-ordinace-768x252.jpg 768w, https://ordinacebucovice.cz/wp-content/uploads/2024/11/Poloha-ordinace.jpg 1535w" sizes="auto, (max-width: 1024px) 100vw, 1024px" /></figure>



<hr class="wp-block-separator has-alpha-channel-opacity"/>



<p>Od 16.5.2023 &#8211; <strong>máme nové telefonní číslo 515 537 527</strong> . Původní telefonní číslo bylo zrušeno.</p>



<hr class="wp-block-separator has-alpha-channel-opacity"/>



<p>Od 27.3.2023 <strong>&#8211; provádíme vyšetření na přístrojích</strong>:</p>



<ul class="wp-block-list">
<li><strong>TK holter</strong> &#8211; 24 hodinové měření krevního tlaku</li>
</ul>



<ul class="wp-block-list">
<li><strong>COBAS</strong> &#8211; k vyloučení akutní trombózy, akutního infarktu myokardu a ischemické choroby srdeční</li>
</ul>



<hr class="wp-block-separator has-alpha-channel-opacity"/>



<p>Od 15.4.2022 je změna názvu ulice na DVORSKÁ</p>



<hr class="wp-block-separator has-css-opacity"/>



<p></p>

<p>9.12.2025 očkování proti chřipce ukončeno. Od 2.12.2024 je ordinace přestěhována do nových prostorů &#8211; budova B, 1. patro, dveře č. &hellip; </p>
