{"id":81,"date":"2021-01-10T19:18:33","date_gmt":"2021-01-10T18:18:33","guid":{"rendered":"https:\/\/ordinacebucovice.cz\/?page_id=81"},"modified":"2026-04-27T19:52:56","modified_gmt":"2026-04-27T17:52:56","slug":"ordinacni-doba","status":"publish","type":"page","link":"https:\/\/ordinacebucovice.cz\/index.php\/ordinacni-doba\/","title":{"rendered":"Ordina\u010dn\u00ed doba"},"content":{"rendered":"\n<figure class=\"wp-block-table\"><table><tbody><tr><td>Pond\u011bl\u00ed<\/td><td>7:00 &#8211; 13:00<\/td><\/tr><tr><td>\u00dater\u00fd<\/td><td>7:00 &#8211; 13:00<\/td><\/tr><tr><td>St\u0159eda<\/td><td>12:00 &#8211; 17:00 <\/td><\/tr><tr><td><\/td><td>pro zvan\u00e9 17:00 &#8211; 18:00<\/td><\/tr><tr><td>\u010ctvrtek<\/td><td>7:00 &#8211; 13:00<\/td><\/tr><tr><td>P\u00e1tek<\/td><td>7:00 &#8211; 12:30<\/td><\/tr><tr><td><\/td><td>pro zvan\u00e9 12:30 &#8211; 13:00<\/td><\/tr><\/tbody><\/table><\/figure>\n\n\n\n<p><strong>Preventivn\u00ed prohl\u00eddky pro objednan\u00e9 pacienty v\u017edy od 7:30 do 9:00. <\/strong><\/p>\n\n\n\n<p>Vhodn\u00e1 doba pro telefonick\u00e9 objedn\u00e1n\u00ed term\u00ednu kontroly, eRecept\u016f nebo v\u00fdpis\u016f z dokumentace je 10:00 \u2013 11:00 hodin. <\/p>\n\n\n\n<h3 class=\"wp-block-heading\" id=\"telefonni-linka-byva-casto-pretizena-proto-muzete-k-objednani-navstevy-receptu-na-leky-a-podobne-vyuzit-nas-email-info-ordinacebucovice-cz-odpovime-vam-opet-emailem-nebo-vam-zavolame\">Telefonn\u00ed linka b\u00fdv\u00e1 \u010dasto p\u0159et\u00ed\u017een\u00e1, proto m\u016f\u017eete k objedn\u00e1n\u00ed n\u00e1v\u0161t\u011bvy, recept\u016f na l\u00e9ky a podobn\u011b vyu\u017e\u00edt n\u00e1\u0161 email info@ordinacebucovice.cz  . Odpov\u00edme V\u00e1m op\u011bt emailem nebo V\u00e1m zavol\u00e1me.<\/h3>\n\n\n\n<p>V\u00fdsledky odb\u011br\u016f krve jsou k dispozici po 12. hodin\u011b.<\/p>\n\n\n\n<hr class=\"wp-block-separator has-css-opacity\"\/>\n\n\n\n<p class=\"has-large-font-size\"><strong>Pl\u00e1novan\u00e1 dovolen\u00e1<\/strong><\/p>\n\n\n\n<p>7.5.2026 z technick\u00fdch d\u016fvod\u016f neordinujeme. Cel\u00e1 poliklinika a jej\u00ed okol\u00ed bude odstaveno od elektrick\u00e9 energie.<\/p>\n\n\n\n<p><\/p>\n\n\n\n<p><\/p>\n","protected":false},"excerpt":{"rendered":"<p>Pond\u011bl\u00ed 7:00 &#8211; 13:00 \u00dater\u00fd 7:00 &#8211; 13:00 St\u0159eda 12:00 &#8211; 17:00 pro zvan\u00e9 17:00 &#8211; 18:00 \u010ctvrtek 7:00 &#8211; &hellip; <\/p>\n","protected":false},"author":1,"featured_media":0,"parent":0,"menu_order":0,"comment_status":"closed","ping_status":"closed","template":"","meta":{"footnotes":""},"class_list":["post-81","page","type-page","status-publish","hentry"],"_links":{"self":[{"href":"https:\/\/ordinacebucovice.cz\/index.php\/wp-json\/wp\/v2\/pages\/81","targetHints":{"allow":["GET"]}}],"collection":[{"href":"https:\/\/ordinacebucovice.cz\/index.php\/wp-json\/wp\/v2\/pages"}],"about":[{"href":"https:\/\/ordinacebucovice.cz\/index.php\/wp-json\/wp\/v2\/types\/page"}],"author":[{"embeddable":true,"href":"https:\/\/ordinacebucovice.cz\/index.php\/wp-json\/wp\/v2\/users\/1"}],"replies":[{"embeddable":true,"href":"https:\/\/ordinacebucovice.cz\/index.php\/wp-json\/wp\/v2\/comments?post=81"}],"version-history":[{"count":143,"href":"https:\/\/ordinacebucovice.cz\/index.php\/wp-json\/wp\/v2\/pages\/81\/revisions"}],"predecessor-version":[{"id":1389,"href":"https:\/\/ordinacebucovice.cz\/index.php\/wp-json\/wp\/v2\/pages\/81\/revisions\/1389"}],"wp:attachment":[{"href":"https:\/\/ordinacebucovice.cz\/index.php\/wp-json\/wp\/v2\/media?parent=81"}],"curies":[{"name":"wp","href":"https:\/\/api.w.org\/{rel}","templated":true}]}}

Ordinační doba

<figure class="wp-block-table"><table><tbody><tr><td>Pondělí</td><td>7:00 &#8211; 13:00</td></tr><tr><td>Úterý</td><td>7:00 &#8211; 13:00</td></tr><tr><td>Středa</td><td>12:00 &#8211; 17:00 </td></tr><tr><td></td><td>pro zvané 17:00 &#8211; 18:00</td></tr><tr><td>Čtvrtek</td><td>7:00 &#8211; 13:00</td></tr><tr><td>Pátek</td><td>7:00 &#8211; 12:30</td></tr><tr><td></td><td>pro zvané 12:30 &#8211; 13:00</td></tr></tbody></table></figure>



<p><strong>Preventivní prohlídky pro objednané pacienty vždy od 7:30 do 9:00. </strong></p>



<p>Vhodná doba pro telefonické objednání termínu kontroly, eReceptů nebo výpisů z dokumentace je 10:00 – 11:00 hodin. </p>



<h3 class="wp-block-heading" id="telefonni-linka-byva-casto-pretizena-proto-muzete-k-objednani-navstevy-receptu-na-leky-a-podobne-vyuzit-nas-email-info-ordinacebucovice-cz-odpovime-vam-opet-emailem-nebo-vam-zavolame">Telefonní linka bývá často přetížená, proto můžete k objednání návštěvy, receptů na léky a podobně využít náš email info@ordinacebucovice.cz  . Odpovíme Vám opět emailem nebo Vám zavoláme.</h3>



<p>Výsledky odběrů krve jsou k dispozici po 12. hodině.</p>



<hr class="wp-block-separator has-css-opacity"/>



<p class="has-large-font-size"><strong>Plánovaná dovolená</strong></p>



<p>7.5.2026 z technických důvodů neordinujeme. Celá poliklinika a její okolí bude odstaveno od elektrické energie.</p>



<p></p>



<p></p>

<p>Pondělí 7:00 &#8211; 13:00 Úterý 7:00 &#8211; 13:00 Středa 12:00 &#8211; 17:00 pro zvané 17:00 &#8211; 18:00 Čtvrtek 7:00 &#8211; &hellip; </p>
